 l = s + 15. Suppose -5*c + 38 = -l*c. List the prime factors of c.
19
Let s = -662 - -1177. List the prime factors of s.
5, 103
Suppose 3*l - 4*f + 10 = 5*l, -3*f + 18 = 5*l. Suppose 4*r = l*r - 41. What are the prime factors of (6 + r)*6/(-10)?
3, 7
Suppose -q - 2*b = -4, q + 5*b - 2 - 5 = 0. Suppose 4*s + 8 = 0, -7*s = -q*p - 6*s + 44. Let v = p - -4. What are the prime factors of v?
5
Let i = -613 + 2696. List the prime factors of i.
2083
List the prime factors of (411 - -6)/(2/10).
3, 5, 139
Suppose 3*u + z = 12, -7 + 3 = -u + z. Suppose 3*w + 23 = 5*v, u*w = -3*v + 1 + 7. List the prime factors of v + (-7)/(28/(-232)).
2, 31
Suppose 0 = 19*q - 15*q - 8. List the prime factors of 156 - (q/11 - 140/(-77)).
2, 7, 11
What are the prime factors of (549/12)/(6/32)?
2, 61
Let l = 441 - 94. Suppose l = 3*d + 77. Suppose 13*w - 8*w = d. List the prime factors of w.
2, 3
Let t = -83 + 88. Suppose 5*s - 596 = -t*z + 109, 4*s = z - 126. List the prime factors of z.
2, 3, 23
Suppose -3*x + 4*f = -865, -4*x + 2*f + 910 + 240 = 0. What are the prime factors of x?
7, 41
Let z be (33/(-22))/((-3)/110). Suppose f - z = -6. List the prime factors of f.
7
Let n = -3620 + 6505. What are the prime factors of n?
5, 577
Let v = 8 - 16. Let u be v/(-1 - 3) - 34. Let k = u - -45. What are the prime factors of k?
13
Let q(w) = 2*w**2 - 4*w - 1 + 0*w**2 - w**2 + 4. Let l be q(3). Suppose -8*j + 11*j - 72 = l. What are the prime factors of j?
2, 3
Let y be (-3)/(-3)*(4 - 1). Suppose -54 = -y*u + u. Let k = u - 8. What are the prime factors of k?
19
Let q = 341 + -239. Let f = q - 73. List the prime factors of f.
29
Let s(j) = -2*j**2 - 12*j + 9. Let o be s(-9). Let a = 123 + o. List the prime factors of a.
2, 3, 13
Suppose -3*p + 627 - 21 = 0. Let m = 387 - p. What are the prime factors of m?
5, 37
List the prime factors of (-10 + 13 - 6)/(2/(-14)).
3, 7
Suppose 29*p - 21*p = 464. List the prime factors of p.
2, 29
Suppose 0*a + 9 = -3*a. Let d(z) = -13*z - 4. Let f be d(a). Suppose 0*t - q - 16 = -t, -2*t + 3*q + f = 0. List the prime factors of t.
13
Let m(o) = -118*o**3 - 2*o**2 - o + 2. List the prime factors of m(-1).
7, 17
List the prime factors of 32112/15 + ((-117)/45)/(-13).
2141
Let b(k) = -2*k**3 - 2*k**2 + k - 2. Let n be b(-2). Suppose p = -2*i + 3*p + 214, n*p - 553 = -5*i. What are the prime factors of i?
109
Let c(q) = -9*q - 4. Let r = -17 - -24. Suppose 16 = 3*k - r*k. List the prime factors of c(k).
2
Let b be (-60)/(-8)*(-4)/(-3). List the prime factors of 3 - 5*(0 - b).
53
Let l = 4 + -13. Let t(u) = 81*u - 21. Let j(v) = -20*v + 5. Let g(m) = l*j(m) - 2*t(m). What are the prime factors of g(2)?
3, 11
What are the prime factors of (-7539)/(-14) - (0 - 2/4)?
7, 11
Suppose 1315 + 545 = 4*f. List the prime factors of f/9 - 3/(-9).
2, 13
Let m(c) = -c**3 + 6*c**2 + 41*c - 48. What are the prime factors of m(-8)?
2, 5, 13
Let a = 289 - 274. List the prime factors of a.
3, 5
Let k = 11 - 6. Suppose 57 = -3*l - k*i, 3*l - 23 = 4*l + 3*i. Let n = l - -23. What are the prime factors of n?
3
Let i(y) = 2*y + 8. Let h be i(17). Suppose k - h = -3*a + 76, 4*a = 5*k - 590. What are the prime factors of k?
2, 59
Let n = 383 - 221. List the prime factors of n.
2, 3
Let q be (2 + -1)/(1/(-67)). Suppose a - 403 = g + 3*g, 2*a = 4*g + 406. Let b = q - g. List the prime factors of b.
3, 11
Let l be (-4)/(-3)*90/40. Suppose -19 = -l*d + 134. What are the prime factors of d?
3, 17
Let y(b) = b**3 + 22*b**2 + 33*b + 4. What are the prime factors of y(-18)?
2, 353
Suppose 3*f + 5*m = 5943, 0 = -2*f + 2*m + 3*m + 3987. What are the prime factors of f?
2, 3, 331
List the prime factors of 162/15 - (-4)/20.
11
Let n be 3/(-9) + (-136)/(-3). Let d = 66 - n. List the prime factors of d.
3, 7
Let b(m) = 119*m + 4 - 4 - 195*m. What are the prime factors of b(-1)?
2, 19
Suppose -2*b = 3*f - 6, 8 = b - 6*b + 4*f. Suppose y - 3*w = 4*y - 516, 4*w = b. What are the prime factors of y?
2, 43
Let i(w) = w + 27. Let o be i(-13). Suppose 3*n = 2*n + o. Suppose 2*b = -2*b + 2*z + 8, -4*b - z = -n. What are the prime factors of b?
3
Let a(u) = -3*u - 1. Let z(v) = 6*v + 18. Let y(q) = -a(q) - z(q). Let f(t) = -t**2 - t - 2. Let k be f(2). What are the prime factors of y(k)?
7
What are the prime factors of ((99 - 7) + -8)*54?
2, 3, 7
Let k = 257 - 136. Let n = k - 44. List the prime factors of n.
7, 11
Suppose -7 - 11 = -6*x. Suppose j = -x*j - 272. Let m = -35 - j. What are the prime factors of m?
3, 11
Suppose 2*o + 1589 = 7*o + 2*i, -1266 = -4*o + i. Suppose 2*d = -0*x + 3*x + o, 3*d - 474 = 4*x. What are the prime factors of d?
2, 7, 11
Let o(j) be the first derivative of -13/3*j**3 - 1/4*j**4 + 4 - 2*j**2 - 12*j. What are the prime factors of o(-13)?
2, 5
Let m = 23 + -18. Suppose 49 = o - 0*o - k, m*o + 4*k = 290. List the prime factors of o.
2, 3
Let i be (110/10)/(-1 + 2). Let b = 12 - i. What are the prime factors of (b - 0/(-2)) + 4?
5
Suppose 3*l - 9 = 6. Let z = 10 - l. What are the prime factors of ((-44)/10)/((-1)/z)?
2, 11
Suppose -3*h + g - 509 = h, h + 4*g = -123. What are the prime factors of -1 + 2 - (h - -17)?
3, 37
Let n = 2053 + -209. What are the prime factors of n?
2, 461
Let x(d) = -4*d + 4. Let p = 0 - 0. List the prime factors of x(p).
2
Let o(p) = -3*p**3 + p**2 - 5*p + 11. Let l be o(-5). Suppose 4*h - l = -j, 5*h = -9*j + 4*j + 545. List the prime factors of h.
109
What are the prime factors of 80/6*(-399)/(-28)?
2, 5, 19
Suppose -2*i + 0*i = 3*v - 5134, -3*v = -i - 5137. What are the prime factors of v?
2, 107
Suppose -3*i + 6 = -3, -4*a = -i - 41. What are the prime factors of (1/(-3))/(a/(-4257))?
3, 43
Suppose 5*x - 597 - 378 = 0. Let p(j) = 19*j + 36. Let f be p(-9). Let v = f + x. What are the prime factors of v?
2, 3, 5
Let n be 13/((-273)/(-18))*(-595)/(-1). Suppose n = x + 4*x. What are the prime factors of x?
2, 3, 17
Suppose 16 = 2*r - s, 0 = 2*r - 5*s - 12 - 20. What are the prime factors of (128/10)/(r/5 + -1)?
2
Let y(z) = -z + 6. Let d(x) = -2*x + 19. Let h be d(6). Let g be 2/6*(h + 2). List the prime factors of y(g).
3
Suppose -4*o + 8 = -0. Suppose -o*x - 82 = -4*x. Let m = 62 - x. What are the prime factors of m?
3, 7
Let o(l) = l**3 + 6*l**2 - 5. Suppose 3*j = 5*d - 5, -4*j - 11 + 43 = 3*d. Let y be d/(-3) + 48/(-18). List the prime factors of o(y).
3
Suppose -3*r + 4*t + 27 = 0, 4*r + 3*t = -0*t + 11. Let y(d) = -d - 1. Let c be y(-2). Let o = r - c. What are the prime factors of o?
2
Let x(j) = 8*j - 4. Let a be x(8). Let g = a - 33. What are the prime factors of g?
3
Let h(s) = s**2 - 2*s + 3. Let x be h(2). Suppose 4*r = 4*d + r + x, 2 = -d + 2*r. Suppose -3*w + d*w + 30 = 0. What are the prime factors of w?
2, 5
Let w(n) = 129*n**2 - 25*n + 67. What are the prime factors of w(4)?
3, 677
Suppose 34*n = 32*n + 4. Suppose -n = 2*h, -h - 24 = -3*g + 148. List the prime factors of g.
3, 19
Let p = 22 - 16. Suppose 3*t = s - 43, -t + p*t = 3*s - 117. List the prime factors of s.
2, 17
Suppose 511 + 1073 = 8*a. List the prime factors of a.
2, 3, 11
Suppose 0 = -8*i + 4784 + 14872. What are the prime factors of i?
3, 7, 13
Suppose 0 = -2*d + 5*f - 0*f + 2520, 3*d + 3*f - 3759 = 0. Suppose -6*j + d = -j. What are the prime factors of j?
251
Let k(b) = 3*b**2 + 3*b - 3. Let u be k(1). Suppose -i + 86 - u = 0. What are the prime factors of i?
83
Let w(n) = -8*n - 3. Let g(c) = 7*c - 4. Let q(p) = p + 1. Let j(x) = -g(x) + 6*q(x). Let h be j(14). List the prime factors of w(h).
29
Let x = 173 + -48. Suppose 3*h - 37 = x. List the prime factors of h.
2, 3
Let v = -30 + 137. List the prime factors of 0 + (v - -5 - (1 + -2)).
113
Let j be ((-2)/(-3))/((-6)/(-9)). Let o(p) = -2*p - 2. Let f be o(j). List the prime factors of (-114)/f*(-10)/(-15).
19
List the prime factors of 2/(-4) - (-7805)/14.
557
List the prime factors of (-3 + 3*-21)*(-93)/6.
3, 11, 31
Suppose 252 = i + k, 5*i - 2*k - 905 = 362. What are the prime factors of i?
11, 23
Let o be (1 - -3)/(-4) - -10. Suppose -l = -o - 5. Let r = 25 + l. List the prime factors of r.
3, 13
Suppose -9*j - 1827 = -4959. List the prime factors of j.
2, 3, 29
List the prime factors of 2*6100/16*6/15.
5, 61
Let q = 11 + -9. Suppose -2*l + 56 = 6*t - q*t, -t = 2*l - 17. What are the prime factors of 